{"id":8061,"date":"2023-03-07T09:00:22","date_gmt":"2023-03-07T08:00:22","guid":{"rendered":"https:\/\/galtenberg.sunrise-web.com\/bike-urlaub-in-oesterreich\/"},"modified":"2026-03-17T16:35:29","modified_gmt":"2026-03-17T15:35:29","slug":"sejours-velo","status":"publish","type":"page","link":"https:\/\/www.galtenberg.at\/fr\/sejours-velo\/","title":{"rendered":"S\u00e9jour VTT et v\u00e9lo \u00e9lectrique"},"content":{"rendered":"","protected":false},"excerpt":{"rendered":"","protected":false},"author":2,"featured_media":0,"parent":0,"menu_order":0,"comment_status":"closed","ping_status":"closed","template":"","meta":{"_acf_changed":false,"footnotes":""},"class_list":["post-8061","page","type-page","status-publish","hentry"],"acf":[],"_links":{"self":[{"href":"https:\/\/www.galtenberg.at\/fr\/wp-json\/wp\/v2\/pages\/8061","targetHints":{"allow":["GET"]}}],"collection":[{"href":"https:\/\/www.galtenberg.at\/fr\/wp-json\/wp\/v2\/pages"}],"about":[{"href":"https:\/\/www.galtenberg.at\/fr\/wp-json\/wp\/v2\/types\/page"}],"author":[{"embeddable":true,"href":"https:\/\/www.galtenberg.at\/fr\/wp-json\/wp\/v2\/users\/2"}],"replies":[{"embeddable":true,"href":"https:\/\/www.galtenberg.at\/fr\/wp-json\/wp\/v2\/comments?post=8061"}],"version-history":[{"count":12,"href":"https:\/\/www.galtenberg.at\/fr\/wp-json\/wp\/v2\/pages\/8061\/revisions"}],"predecessor-version":[{"id":13560,"href":"https:\/\/www.galtenberg.at\/fr\/wp-json\/wp\/v2\/pages\/8061\/revisions\/13560"}],"wp:attachment":[{"href":"https:\/\/www.galtenberg.at\/fr\/wp-json\/wp\/v2\/media?parent=8061"}],"curies":[{"name":"wp","href":"https:\/\/api.w.org\/{rel}","templated":true}]}}

Séjour VTT et vélo électrique
